1
What are the prime factors of 2902233855?
3, 5, 293, 660349
What are the prime factors of 931985638?
2, 8069, 57751
What are the prime factors of 138031326?
2, 3, 23, 59, 5651
List the prime factors of 156499476.
2, 3, 7, 1863089
List the prime factors of 23484998.
2, 1279, 9181
List the prime factors of 1081233368.
2, 73, 1091, 1697
List the prime factors of 16508302.
2, 19, 43, 10103
List the prime factors of 1924615709.
1924615709
What are the prime factors of 1091376421?
17, 31, 43, 2833
List the prime factors of 635922062.
2, 10691, 29741
What are the prime factors of 209020136?
2, 13, 23, 87383
List the prime factors of 3713374.
2, 7, 265241
What are the prime factors of 5032588423?
5032588423
What are the prime factors of 6827472?
2, 3, 17, 2789
What are the prime factors of 248469605?
5, 1951, 25471
What are the prime factors of 53915381?
13, 17, 23, 10607
List the prime factors of 1146031028.
2, 23, 1291, 9649
What are the prime factors of 144888050?
2, 5, 563, 5147
List the prime factors of 2090436700.
2, 5, 11, 1900397
List the prime factors of 659376356.
2, 164844089
List the prime factors of 53620425.
3, 5, 238313
What are the prime factors of 116204160?
2, 3, 5, 29, 2087
List the prime factors of 1064994115.
5, 29, 43, 170809
List the prime factors of 25051918.
2, 19, 349, 1889
List the prime factors of 850673975.
5, 23, 61, 79, 307
What are the prime factors of 31145518?
2, 223, 69833
What are the prime factors of 5524145613?
3, 7, 87684851
List the prime factors of 4878850123.
7, 696978589
List the prime factors of 1205087807.
7, 11, 1163, 13457
What are the prime factors of 345744507?
3, 647, 178127
List the prime factors of 2056191315.
3, 5, 137079421
What are the prime factors of 211262254?
2, 7, 19, 41801
List the prime factors of 5576846861.
5576846861
What are the prime factors of 154479381?
3, 7, 1019, 7219
List the prime factors of 855536508.
2, 3, 97, 337, 727
What are the prime factors of 15638634?
2, 3, 11, 19, 4157
What are the prime factors of 206174743?
131, 1117, 1409
List the prime factors of 24324502.
2, 211, 57641
What are the prime factors of 608755339?
31, 37, 269, 1973
What are the prime factors of 209020288?
2, 349, 4679
List the prime factors of 875447300.
2, 5, 7, 13, 17, 5659
List the prime factors of 4860806.
2, 29, 43, 1949
List the prime factors of 50627649.
3, 17, 29, 34231
List the prime factors of 148865819.
101, 1473919
List the prime factors of 328858520.
2, 5, 8221463
What are the prime factors of 103280452?
2, 11, 2347283
List the prime factors of 6313251053.
17, 41, 9057749
List the prime factors of 2185432989.
3, 43, 97, 174653
List the prime factors of 20920076.
2, 47, 223, 499
What are the prime factors of 187492838?
2, 13, 37, 194899
What are the prime factors of 45572557?
71, 641867
What are the prime factors of 41214374?
2, 37, 241, 2311
List the prime factors of 27821022.
2, 3, 4636837
List the prime factors of 73575509.
7, 1501541
What are the prime factors of 295265757?
3, 19, 5180101
What are the prime factors of 1340380091?
67, 20005673
List the prime factors of 1330364566.
2, 31, 21457493
What are the prime factors of 330232461?
3, 13, 8467499
List the prime factors of 58140660.
2, 3, 5, 969011
List the prime factors of 107229980.
2, 5, 11, 13, 37493
What are the prime factors of 54801270?
2, 3, 5, 608903
What are the prime factors of 145891974?
2, 3, 3221, 7549
What are the prime factors of 386341679?
37, 79, 132173
List the prime factors of 62761911.
3, 53, 394729
What are the prime factors of 300600095?
5, 211, 499, 571
List the prime factors of 23987742.
2, 3, 67, 59671
What are the prime factors of 16277993?
17, 957529
What are the prime factors of 322797?
3, 107599
What are the prime factors of 345631585?
5, 13, 409, 13001
What are the prime factors of 209244945?
3, 5, 7, 13, 61, 359
What are the prime factors of 317333919?
3, 7, 59, 256121
List the prime factors of 511542356.
2, 13, 23, 427711
What are the prime factors of 31501260?
2, 3, 5, 7, 23, 1087
What are the prime factors of 4465993741?
11, 67, 6059693
List the prime factors of 12692017.
13, 976309
List the prime factors of 468037565.
5, 179, 522947
List the prime factors of 1343980604.
2, 47, 67, 106699
List the prime factors of 904030347.
3, 11, 1193, 22963
List the prime factors of 1808219028.
2, 3, 7, 11, 293, 6679
What are the prime factors of 491902526?
2, 245951263
List the prime factors of 4131536993.
197, 20972269
List the prime factors of 3468499946.
2, 1734249973
What are the prime factors of 579442568?
2, 103, 151, 4657
List the prime factors of 682108909.
15787, 43207
List the prime factors of 69544501.
13, 17, 31, 10151
What are the prime factors of 53615860?
2, 5, 53, 50581
What are the prime factors of 1332912349?
6367, 209347
List the prime factors of 263291571.
3, 59, 109, 4549
List the prime factors of 122341804.
2, 13, 71, 2549
List the prime factors of 69904007.
29, 2410483
What are the prime factors of 8741837?
13, 433, 1553
What are the prime factors of 89724761?
7, 12817823
List the prime factors of 886534389.
3, 13, 841913
List the prime factors of 21297140.
2, 5, 227, 4691
What are the prime factors of 658911262?
2, 17, 29, 31, 21557
What are the prime factors of 864091795?
5, 7, 24688337
List the prime factors of 2268403144.
2, 7, 487, 83177
List the prime factors of 81911823.
3, 7, 3900563
What are the prime factors of 129882956?
2, 7, 4638677
List the prime factors of 242180859.
3, 19, 43, 98809
List the prime factors of 2751526897.
7, 7873, 49927
What are the prime factors of 26044347?
3, 7, 1240207
What are the prime factors of 53193670?
2, 5, 101, 52667
What are the prime factors of 88809823?
31, 2864833
What are the prime factors of 929747826?
2, 3, 7, 7378951
List the prime factors of 1828215745.
5, 97, 38861
What are the prime factors of 1743137091?
3, 1217, 17683
What are the prime factors of 81318906?
2, 3, 601, 7517
What are the prime factors of 50290543?
6101, 8243
List the prime factors of 3725166.
2, 3, 29, 79, 271
What are the prime factors of 260632148?
2, 7, 9308291
What are the prime factors of 58796389?
47, 947, 1321
List the prime factors of 238908893.
1423, 167891
List the prime factors of 98174728.
2, 17, 47, 15359
List the prime factors of 160317404.
2, 13, 229, 13463
What are the prime factors of 4715697699?
3, 1861, 281551
List the prime factors of 432612737.
432612737
List the prime factors of 3155819085.
3, 5, 241, 290993
List the prime factors of 1140463800.
2, 3, 5, 7, 89, 113
What are the prime factors of 29764634?
2, 2069, 7193
What are the prime factors of 144455236?
2, 36113809
What are the prime factors of 31810596?
2, 3, 823, 3221
What are the prime factors of 1503500058?
2, 3, 19, 4396199
List the prime factors of 1456936005.
3, 5, 7, 13875581
List the prime factors of 2011114582.
2, 1429, 703679
List the prime factors of 38288929.
7, 337, 16231
What are the prime factors of 25041921?
3, 179, 46633
What are the prime factors of 6713269783?
11, 61, 479, 20887
What are the prime factors of 306501240?
2, 3, 5, 41, 62297
List the prime factors of 30775300.
2, 5, 467, 659
What are the prime factors of 56469046?
2, 167, 169069
What are the prime factors of 149259406?
2, 37, 2017019
What are the prime factors of 131108671?
23, 71, 80287
What are the prime factors of 12176535?
3, 5, 7, 89, 1303
What are the prime factors of 38905226?
2, 181, 107473
List the prime factors of 981652804.
2, 11, 97, 230003
List the prime factors of 117675313.
7, 2401537
What are the prime factors of 1718730336?
2, 3, 17903441
What are the prime factors of 22544864?
2, 704527
List the prime factors of 70653257.
43, 1643099
What are the prime factors of 454471348?
2, 113617837
List the prime factors of 16443415.
5, 43, 76481
List the prime factors of 447300861.
3, 7, 61, 83, 601
What are the prime factors of 1976733057?
3, 13, 1297, 39079
List the prime factors of 348796231.
7, 61, 181, 4513
List the prime factors of 1707624439.
353, 4837463
What are the prime factors of 4303576?
2, 19, 23, 1231
List the prime factors of 105589945.
5, 101, 209089
What are the prime factors of 627727470?
2, 3, 5, 20924249
List the prime factors of 9586224.
2, 3, 66571
List the prime factors of 1